be the first derivative of -s**7/840 - s**4/24 + s**3/3 + 2. Let l(b) be the third derivative of a(b). Calculate l(y).
-2
Let x(h) = -h**3 + 5*h**2 - 5*h + 2. Let o be x(3). Let n(a) = a**2 - 3*a - 6. What is n(o)?
4
Let t(u) = u**2 + u + 1. Let a(c) = 4*c**2 + 10*c + 3. Let b(f) = -a(f) + 3*t(f). Calculate b(-6).
6
Suppose -2*y - y + 9 = 0. Suppose -6*h + y*s = -h + 1, -h + 4*s - 7 = 0. Let g(f) = 7*f - 1. Determine g(h).
6
Let d be (-48)/9 + (-1)/(-3). Let q = -2 - d. Let y(s) = 1 - 4*s - 2*s - q*s. Determine y(1).
-8
Let x(c) = c**3 + 5*c**2 + c + 7. Suppose 8*s = -0*s - 40. What is x(s)?
2
Let o(v) = -v**3 - 5*v**2 + 5*v + 4. Suppose -3*i - 12 = -5*i. Suppose i = -2*g + g. Calculate o(g).
10
Let w(a) be the first derivative of 1/2*a**2 + a - 3. Determine w(-2).
-1
Suppose -2*z = 4 + 12. Let q(b) = 11*b - 6*b - 17 + 6 - 6*b. Let g be q(z). Let j(t) = t - 1. Calculate j(g).
-4
Let u(q) = -q**2 + 5*q - 4. Suppose i + 15 = 3*s, -3*s - 5*i + 8 + 7 = 0. Give u(s).
-4
Let n(j) be the third derivative of 0 + 0*j + 0*j**3 + 3*j**2 - 1/24*j**4. Suppose 18 = -5*x + 3*v - 6, -3*x - 4*v = -3. Give n(x).
3
Let d(o) be the third derivative of o**7/2520 + 7*o**6/720 + o**5/24 - o**4/12 + 2*o**2. Let u(g) be the second derivative of d(g). Determine u(-4).
-7
Let n(j) = j**3 + j + 1. Let o be n(0). Let r(a) = -8*a - 2. Let l(p) = -p - 1. Let i = 1 - 2. Let z(d) = i*r(d) + l(d). Calculate z(o).
8
Let c(u) = u + 1. Suppose -3*m = -6*m - 6. Let j(q) = 2*q - 2. Let g be j(m). Let l be 33/g - 2/4. Determine c(l).
-5
Let z(x) = -1 + 3*x**3 + 5 + 6*x**2 - 4*x**3 + 7*x. Determine z(7).
4
Let f(u) = 2*u - 10. Let i(t) = -t**3 + t**2 + t + 1. Let z be i(2). Let g be (-11 + 4)/1*z. Calculate f(g).
4
Let m(b) = 0 + 2*b**2 - 9 - 5*b - b**2 + 0*b. Give m(7).
5
Let m be 1/(-5) + 1/5. Let q(z) = z**3 - 6 + z + m*z - z - z. What is q(0)?
-6
Let i(a) = -2*a + 2. Let w = -16 - -18. What is i(w)?
-2
Let y = 11 + -11. Let x(l) = l - 2. Let n(t) = -1. Let i = -7 + 3. Let a(h) = i*n(h) - x(h). What is a(y)?
6
Let k(p) = -p**3 - p**2 + 2*p + 1. Suppose -2*i + 3*q + 9 = 0, i + 3 - 25 = 5*q. Calculate k(i).
13
Let l(k) = -k**2 + 6*k - 2. Suppose 0 = 4*h - h + 5*t - 31, 0 = -2*h - 3*t + 20. Give l(h).
-9
Let h(i) = -i**2 - 11*i + 6. Let o be h(-11). Let b = -1 - o. Let d(k) = k**2 + 6*k - 6. What is d(b)?
1
Let v(t) = t**2 + 6*t - 1. Let i be (0 + -1)*(2 + (-5)/(-1)). Give v(i).
6
Let x be 24/12 - (-14)/(-2*1). Let p(a) be the second derivative of 0 - a - 1/12*a**4 - a**3 - 3*a**2. What is p(x)?
-1
Let n(s) = 9*s**2 - 1 - 8*s**2 - s - 3. Determine n(3).
2
Let q = -193 + 198. Let z(w) = -w**2 + 4*w + 4. Calculate z(q).
-1
Let u(j) = -j**3 + 7*j**2 - 7*j + 6. Let d be (((-180)/3)/5)/(0 - 2). Determine u(d).
0
Let j(g) be the second derivative of -g**5/20 + 7*g**4/12 + g**3/6 - 4*g**2 + g. Let w be j(7). Let r(p) = 5*p - 3 + 2 + p. Determine r(w).
-7
Suppose 3*s = -1 + 7. Let h(g) = -3*g - 1 + 2 + g + g**2 - s*g. Let y(w) = -4*w. Let a be y(-1). Determine h(a).
1
Let x(s) be the third derivative of -7*s**6/60 + s**5/30 - s**3/6 + 6*s**2. Give x(-1).
15
Let z(g) = -3 + 2*g**2 - g**2 - 3*g - g. Let i be z(5). Suppose -4*o + 8 = 4*v, 2*o - 4*v + i = -24. Let s(j) = -j**2 - j + 3. What is s(o)?
-3
Let c be (-25)/(-10)*16/10. Let f(j) = -c + 0 + 6*j - 3*j - 2*j. Give f(5).
1
Suppose 2*g = -5*z + 5*g - 1, 0 = -2*g - 6. Let d(n) = -n**3 - 5*n**2 - 3*n - 2. Give d(z).
-8
Let d = 3 + -8. Let p(u) be the third derivative of -u**6/120 - u**5/12 - u**4/24 - u**3 - 119*u**2. Determine p(d).
-1
Suppose -4*v = 2*v - 30. Let b(y) = -6*y - 2. Let f(z) = -7*z - 2. Let x(h) = 6*b(h) - 5*f(h). Give x(v).
-7
Suppose -4*b + q - 11 = 0, -4*q - 8 = -3*b - 26. Let h(x) be the first derivative of -9*x**2/2 - 3*x + 26. Calculate h(b).
15
Let r(s) be the second derivative of 0 - 3/2*s**3 + 1/2*s**2 - 2*s. Let m = 0 + 1. Determine r(m).
-8
Let y = -221 - -219. Let w(i) = 9*i - 2. Let t(x) = -2 + 1 + 2 - 5*x. Let b(p) = -11*t(p) - 6*w(p). Determine b(y).
-1
Let m be (1 + -2)/1*3. Let x be 14/m - 2/6. Let r = x - -2. Let u(p) = p**2 + 4*p - 3. What is u(r)?
-6
Let o(c) = -2*c + 3. Let s = 39 - 34. Determine o(s).
-7
Let v(p) = -5*p - 2. Let q be (-3)/2*24/(-18). Let u(x) = -2*x**2 - 2*x**3 - q*x**2 + 3*x**3 - 7 - 4*x. Let d be u(5). Determine v(d).
8
Let i(l) = l**2 - 6*l - 4. Let o be ((-30)/(-21))/((-6)/(-21)). Give i(o).
-9
Let f be 2/(-4) + (-14)/(-4). Let o(g) = -5*g + 0*g**2 + 0*g**2 - g**2 - 1 + f*g. Calculate o(-2).
-1
Suppose 3*f - 4 = -10. Let y(g) = g**3 + 2*g**2. Let a be y(f). Let x(r) = -r**2 - r - 9. Determine x(a).
-9
Let l(f) = f**2 - f - 1. Let r(s) = s**3 + 2*s + 8. Let j(c) = -l(c) - r(c). Let u(z) = z**3 + 10*z**2 + 9*z + 1. Let b be u(-9). Let w = b - 1. Calculate j(w).
-7
Let w(r) = -r**3 - 5*r**2 - 2*r - 4. Let i = -15 - -11. Calculate w(i).
-12
Let v(g) = g + 3. Let y be v(0). Suppose y*f - 4*f + h = 10, -4*h = -3*f - 34. Let n(o) = -o**3 - 5*o**2 + 7*o + 4. Give n(f).
-2
Let b(n) = -11 + 24 + 6*n - n**3 - 27 - 5*n. Suppose 0 = -y + 2, -5*d = 3*y + 2*y - 10. Give b(d).
-14
Let s(c) = -2*c + 2*c - 1 + c**2 + 5*c. Let o(j) = -j. Let l be o(0). Suppose 0*x + 4*x + 20 = l. What is s(x)?
-1
Suppose 5*s - 25 = -5*v, 2*s - 4*v = -2*v - 2. Let u(g) = g**3 - 4*g**2 + 3*g - 1. Give u(s).
-3
Let w(k) = k**2 - 2*k + 3. Let z = -161 - -164. Give w(z).
6
Let d(r) be the third derivative of -r**7/840 + r**6/90 + r**5/120 + 5*r**3/6 - 3*r**2. Let g(f) be the first derivative of d(f). What is g(4)?
4
Let d be (2/(-3))/((-10)/45). Let f(i) = -i. What is f(d)?
-3
Let k = 3 + 1. Suppose 0 = 3*s - s - k. Suppose 0 = 2*l + 5*g + 22, s*g = -2*l + 3*g + 2. Let w(j) = 9*j**3 - j - 1. Calculate w(l).
-9
Let n(l) = l - 1. Let o(s) = -s**2 + 6*s + 12. Let h(v) = n(v) + o(v). Determine h(9).
-7
Let t(w) be the first derivative of w**2/2 + 1. Let r(c) = c + 2*c + 5 + 5*c - 7*c. Let s be r(-6). Give t(s).
-1
Let o(q) = 14*q + 5*q - 13*q. Give o(-2).
-12
Let b(o) = 4*o**2 - 9*o. Let k(z) = -11*z**2 + 26*z + 1. Let p(m) = 8*b(m) + 3*k(m). Let u = 11 - 5. What is p(u)?
3
Let n(r) = -5*r + 1. Let f be n(-1). Let t = 10 - f. Let y(b) = 6 - t*b + 5*b + b. Calculate y(-4).
-2
Let d(x) = x**2 - 9*x - 2. Let w(o) = 2*o**2 - 19*o - 3. Let b(c) = -9*d(c) + 4*w(c). Give b(6).
0
Let g(z) be the second derivative of -z - 1/20*z**5 + 2/3*z**3 + 0 + 3/2*z**2 + 1/12*z**4. Calculate g(-2).
7
Let y(g) = -g**3 + 7*g**2 - 4*g - 3. Suppose 11*b - 21*b = -60. Give y(b).
9
Suppose 0 = -6*m + m. Let c(r) = 73*r - 76*r + r**3 - 3 + m*r**3. What is c(-2)?
-5
Suppose 4*z = -5*d - 40, -6*d + 17 = -5*z - 4*d. Let l(t) = t**2 + 5*t + 4. Let g be l(z). Let x(f) = 5*f + 3 + 3 - g*f. What is x(-4)?
2
Let q(u) = 3*u**2 + 8*u + 10. Let o(x) = 5*x**2 + 8*x + 10. Let y(h) = -2*o(h) + 3*q(h). Give y(9).
1
Let z(l) = 2*l + 7. Let d be z(-4). Let u(x) = 2*x + 4. Let t(c) = c + 1. Let j(b) = 5*t(b) - u(b). Determine j(d).
-2
Let g(r) = -r + 2. Let y be g(0). Let d(n) = 0 - 4*n**2 + 4 + y*n - n - n**3. What is d(-3)?
-8
Let a(b) be the second derivative of -b**6/360 - 7*b**5/120 + b**4/4 + 3*b. Let n(p) be the third derivative of a(p). Give n(-6).
5
Let n(f) = 2*f**2 - 5*f. Let l(o) = -3*o**2 + 10*o + 1. Let u be (0/3 - 1)*5. Let b(x) = u*n(x) - 3*l(x). Determine b(-6).
-9
Let x(g) be the second derivative of g**4/12 - g**3/2 - g. Let i(f) = f**2 + 4*f + 7. Let l be (-6)/(-15) - 102/30. Let a be i(l). Determine x(a).
4
Let x(w) be the first derivative of -w**4/4 - w**3 + w**2 - 4*w - 29. Let l = 1 + -5. Calculate x(l).
4
Let c(r) = r**3 - r**2 + 10. Let z be -1*(4 + 0 - 4). What is c(z)?
10
Suppose -n + 0 + 3 = 0. Let r(z) = -z**2 + 5*z - 3. Calculate r(n).
3
Suppose -6 = -2*z + 6. Let l = z - 6. Let s(y) = l*y + 1 + 0 + y. Give s(2).
3
Suppose 3*t = o + 1, 2*t + 3*t + o = 15. Let m(w) = w**3 - 3*w**2 + 2*w. Give m(t).
0
Let s(f) = -f**3 - 5*f**2 - 4*f + 17. Let m(g) = -2*g**3 - 9*g**2 - 7*g + 33. Let n(a) = -4*m(a) + 7*s(a). What is n(0)?
-13
Let f(d) be the second derivative of -d**5/60 - d**4/6 - 5*d**3/6 - 5*d. Let w(n) be the second derivative of f(n). Suppose -4*c = 6 + 14. What is w(c)?
6
Let l(m) be the first derivative of m**4/4 - 4*m**3/3 + m**2/2 + 2*m - 8. What is l(3)?
-4
Suppose -5*g - q = -6*q + 20, -3*g = -5*q + 6. Let h(k) = k + 9. Determine h